i**3 - 6*i**2 + 4*i + 5. Calculate b(-6).
-19
Let m(q) = 4*q**2 - 2*q + 12. Calculate m(3).
42
Let h(q) = q**2 + 15*q - 1. Calculate h(-17).
33
Let o(l) = l**2 - 10*l + 6. Give o(9).
-3
Let y(a) = -a**2 + 40*a - 104. Calculate y(3).
7
Let p(l) = -28*l - 6. Calculate p(2).
-62
Let l(b) = -b**3 - 9*b**2 + 7*b - 27. What is l(-10)?
3
Let o(h) = -h**3 - 7*h**2 + 7*h - 8. What is o(-7)?
-57
Let a(c) = -c**2 - 20*c + 107. Give a(-24).
11
Let n(y) = y**3 + 5*y**2 - 24*y - 59. Give n(-7).
11
Let k(u) = -20*u - 13. Calculate k(-4).
67
Let l(b) = 9*b - 64. Determine l(7).
-1
Let f(l) = -l**3 + 4*l + 4. What is f(4)?
-44
Let c(h) = -8*h + 48. Give c(8).
-16
Let o(x) = -6*x + 19. Give o(6).
-17
Let s(b) = b**3 - 24*b**2 + 44*b + 1. Determine s(22).
1
Let a(l) = -l**2 - 11*l - 8. Give a(-10).
2
Let q(j) = j**3 + 32*j**2 + 3*j + 95. What is q(-32)?
-1
Let g(v) = 19*v - 4. Determine g(4).
72
Let r(k) = 71*k + 147. Determine r(-2).
5
Let v(x) = 2*x**2 - 16*x + 34. What is v(4)?
2
Let i(m) = m**3 - 5*m**2 - 3*m + 9. Calculate i(4).
-19
Let x(a) = -11*a + 111. Give x(11).
-10
Let u(f) = f**2 - 9*f. Determine u(14).
70
Let y(k) = -k**2 - 12*k - 19. Give y(-10).
1
Let v(i) = i - 1. Give v(2).
1
Let t(g) = g**2 - 12*g - 20. Determine t(14).
8
Let z(t) = -t**3 - 17*t**2 - 44*t + 7. Calculate z(-14).
35
Let z(r) = 24*r + 3. Calculate z(2).
51
Let y(v) = -31*v + 178. What is y(6)?
-8
Let g(q) = -q**3 + 22*q**2 + 46*q + 46. What is g(24)?
-2
Let b(f) = -10*f**2 - 49*f + 4. Give b(-5).
-1
Let z(b) = -7*b**3 - b**2 - b. Calculate z(-1).
7
Let s(w) = -3*w**2 + 13*w + 151. What is s(-5)?
11
Let v(f) = -f**3 + 11*f**2 + 24*f + 26. Give v(13).
0
Let c(y) = -2*y + 23. Calculate c(9).
5
Let y(u) = -2*u**2 - 9*u - 2. Give y(-8).
-58
Let w(z) = -67*z**2 + 268*z. What is w(4)?
0
Let b(k) = -13*k**2 + 38*k + 1. Calculate b(3).
-2
Let z(m) = 6*m**2 + m - 4. Give z(-2).
18
Let t(b) = -b**3 - b**2 + b + 1. What is t(-3)?
16
Let u(m) = m**3 + 33*m**2 - 36*m - 112. Give u(-34).
-44
Let u(x) = x**3 - 6*x**2 + 2*x - 1. Give u(3).
-22
Let y(f) = -f**2 + 13*f - 12. Give y(11).
10
Let s(r) = -13*r**2 - 3. Give s(-2).
-55
Let d(p) = 3*p - 8. Calculate d(3).
1
Let y(h) = h**3 + 9*h**2 + 9*h - 25. Determine y(-7).
10
Let m(f) = f**3 + 8*f**2 - 3*f - 20. Determine m(-8).
4
Let v(a) = -a**3 + 29*a**2 + 4*a - 90. What is v(29)?
26
Let l(k) = 2*k**2 + 5*k + 9. Determine l(-2).
7
Let k(u) = u**3 - 23*u**2 - 23*u - 26. Determine k(24).
-2
Let s(k) = -k + 10. Determine s(-9).
19
Let d(l) = 16*l. Calculate d(-2).
-32
Let h(t) = t**3 + 8*t**2 - t + 8. Determine h(-9).
-64
Let x(n) = 8*n + 34. Calculate x(-3).
10
Let m(f) = 10*f**2 - 39*f + 6. Determine m(4).
10
Let q(w) = -w - 33. What is q(-39)?
6
Let k(a) = -a**2 - a + 27. Determine k(5).
-3
Let l(y) = -3*y + 51. Determine l(16).
3
Let d(s) = 2*s**3 + 24*s**2 + 2*s + 19. Calculate d(-12).
-5
Let r(v) = -v**2 - 10*v + 13. What is r(-11)?
2
Let q(i) = -i**3 - 3*i**2 + 14*i + 43. Determine q(-3).
1
Let v(q) = -25*q**2. Calculate v(1).
-25
Let k(m) = -6*m - 30. Determine k(-9).
24
Let p(w) = -w**3 + 16*w**2 - 15*w - 1. Give p(15).
-1
Let v(h) = -24*h - 148. What is v(-6)?
-4
Let x(i) = i**3 - 18*i**2 + 15*i + 34. Give x(17).
0
Let q(c) = 4*c. What is q(1)?
4
Let v(q) = 18*q. Calculate v(3).
54
Let z(t) = t**3 - 21*t**2 + 30*t + 133. What is z(19)?
-19
Let v(z) = -z - 48. Determine v(0).
-48
Let h(c) = -5*c - 31. Give h(-6).
-1
Let q(r) = -r**3 + 31*r**2 - 7*r + 50. Give q(31).
-167
Let p(u) = -u**3 - 9*u**2 + 69*u - 19. What is p(-14)?
-5
Let h(g) = -g**3 + 9*g**2 - 9*g + 5. Calculate h(3).
32
Let d(j) = -5*j + 9. Give d(2).
-1
Let s(t) = 9*t**2 + 3. Determine s(2).
39
Let z(j) = j**3 - 4*j**2 - 5*j - 2. What is z(5)?
-2
Let x(t) = -t**3 + t**2 + 6*t - 13. Give x(0).
-13
Let h(m) = m**2 + 2*m - 2. Determine h(-6).
22
Let b(z) = z**2 - 24*z - 33. Give b(23).
-56
Let o(g) = -15*g**2 + g. Determine o(1).
-14
Let c(z) = 2*z**3 + 10*z**2 - 2. Give c(-5).
-2
Let n(p) = p**3 - 10*p**2 + 21*p - 40. Calculate n(8).
0
Let n(x) = x**3 + 6*x**2 + 6*x - 5. Give n(-5).
-10
Let g(y) = y**3 + 11*y**2 + 4*y - 11. Give g(-10).
49
Let p(u) = u**3 - 18*u**2 + 17*u - 4. Give p(17).
-4
Let h(p) = -p**3 - 5*p**2 - 7. Determine h(-5).
-7
Let h(j) = j**3 - 8*j**2 - 9*j - 1. Determine h(9).
-1
Let x(s) = -16*s**2 + 3*s - 4. Determine x(1).
-17
Let x(i) = -i**3 - 11*i**2 + 14*i + 20. Determine x(-12).
-4
Let v(c) = -c**3 + 18*c**2 + 16*c. Give v(19).
-57
Let d(l) = 39*l - 115. Calculate d(3).
2
Let i(o) = -o**3 + 2*o**2 + o - 13. Give i(0).
-13
Let i(c) = c**3 - 8*c**2 + 4*c + 6. What is i(7)?
-15
Let a(b) = -4*b + 56. Give a(18).
-16
Let f(x) = 2*x - 27. Calculate f(18).
9
Let q(y) = -12*y**2 + 11*y + 10. Calculate q(-1).
-13
Let s(q) = q**3 - 2*q + 2. Give s(3).
23
Let k(c) = -c**3 + 3*c + 1. Calculate k(-4).
53
Let c(b) = b**2 - 5*b - 111. Calculate c(-8).
-7
Let t(f) = -122*f + 250. What is t(2)?
6
Let d(g) = g**2 + 8*g + 5. Determine d(-6).
-7
Let y(f) = -2*f**2 - 3*f - 2. Calculate y(-1).
-1
Let v(m) = -9*m + 80. Determine v(9).
-1
Let k(s) = 2*s**3 - 17*s**2 + 7*s - 3. Give k(8).
-11
Let u(p) = p**3 + 6*p**2 - 6. Calculate u(-6).
-6
Let t(s) = s**3 - 54*s**2 + 55*s - 103. What is t(53)?
3
Let b(i) = 2*i**3 + 16*i**2 + 16*i + 21. What is b(-7)?
7
Let a(w) = 13*w + 50. What is a(-4)?
-2
Let s(g) = -g**3 + 7*g**2 + g - 13. Give s(7).
-6
Let o(m) = 3*m**2 + 27*m - 13. Calculate o(-9).
-13
Let u(a) = a**2 + 10*a + 17. Determine u(-4).
-7
Let f(k) = -k**3 - 3*k**2 + 3*k - 2. What is f(-4)?
2
Let w(k) = -k**2 + 11*k - 3. Give w(10).
7
Let l(z) = 12*z**2 + 4*z - 3. Determine l(-2).
37
Let v(l) = -2*l + 18. Determine v(8).
2
Let x(p) = p**2 + 17*p + 4. What is x(-15)?
-26
Let a(z) = 2*z - 43. Give a(14).
-15
Let l(y) = y**2 - 10*y - 32. Give l(-3).
7
Let m(d) = -70*d + 189. Calculate m(3).
-21
Let h(b) = -b**3 - 2*b**2 - b + 1. What is h(2)?
-17
Let w(o) = -18*o - 70. Calculate w(-8).
74
Let u(d) = -2*d + 12. Give u(6).
0
Let f(l) = 49*l**3 - 1. Give f(-1).
-50
Let a(d) = -15*d**2 + 5*d - 4. Calculate a(2).
-54
Let u(l) = -2*l**2 + 3*l + 31. Determine u(-4).
-13
Let u(x) = -x**2 + 8*x + 70. Give u(13).
5
Let x(p) = -2*p - 8. Determine x(3).
-14
Let b(f) = -f**3 + 6*f**2 + f - 4. Calculate b(-2).
26
Let o(y) = -7*y**2 - y + 1. Calculate o(-2).
-25
Let k(v) = -5*v + 16. What is k(-6)?
46
Let y(j) = 3*j**2 - 11*j + 15. Calculate y(2).
5
Let c(g) = -g**3 + 20*g**2 - 22*g + 28. Give c(19).
-29
Let v(z) = -z**3 - 6*z**2 + z - 30. Give v(-7).
12
Let j(p) = -9*p + 31. Calculate j(3).
4
Let x(m) = m**3 - 2*m**2 - 3*m + 1. Give x(-3).
-35
Let x(p) = 11*p + 1. Give x(-4).
-43
Let h(m) = m**2 - 18*m + 32. Give h(20).
72
Let a(x) = 6*x + 7. Give a(4).
31
Let j(w) = -w**2 + 8*w - 13. Determine j(3).
2
Let z(c) = 2*c**2 + 2*c + 1. Determine z(2).
13
Let k(l) = -l**3 + l**2 + 9*l - 1. What is k(3)?
8
Let n(b) = -2*b**2 + 21. Calculate n(-3).
3
Let s(w) = -w**3 + 7*w**2 - 12. Determine s(6).
24
Let u(k) = -k**3 - 5*k**2 + 14*k - 6. What is u(-7)?
-6
Let d(v) = 3*v + 5. Give d(-1).
2
Let n(b) = b**3 - 8*b**2 + 12*b + 5. Give n(6).
5
Let r(g) = g**3 - 2*g**2 - 4. Determine r(4).
28
Let d(f) = f**2 - 11*f + 14. Give d(10).
4
Let t(w) = w**3 - 6*w**2 - w - 3. Calculate t(5).
-33
Let b(w) = w**3 - 7*w**2 - 7*w + 11. Determine b(8).
19
Let f(h) = h**3 - 8*h**2 + 7*h - 3. Calculate f(6).
-33
Let g(x) = x**3 - 19*x**2 + 49*x - 14. Give g(16).
2
Let y(r) = -2*r**2 - 9*r - 12. What is y(-2)?
-2
Let r(f) = -f**3 + 2*f**2 - 4*f + 1. Give r(3).
-20
Let y(k) = -k - 21. What is y(-11)?
-10
Let k(l) = -21*l + 26. Calculate k(0).
26
Let i(w) = -w**3 + 10*w**2 - 5*w - 7. Calculate i(10).
-57
Let s(p) = 2*p**2 - 20*p + 8. Give s(13).
86
Let f(c) = -c**2 - 51. What is f(0)?
-51
Let r(a) = 2*a**2 + 35*a - 12. Determine r(-18).
6
Let h(n) = 4*n**2 - 3*n + 1. Calculate h(3).
28
Let a(j) = -j**3 + 13*j**2 + 10*j + 16. Give a(14).
-40
Let t(c) = -c**3 + c**2 + 4*c + 4. What is t(-2)?
8
Let k(b) = -b**3 + 21*b**2 + 2*b - 42. Give k(21).
0
Let x(k) = -k**2 - 11*k - 7. Determine x(-9).
11
Let h(y) = -y + 30. Give h(10).
20
Let j(q) = q**3 - q**2 - 7*q + 5. Give j(3).
2
Let k(x) = 7*x**3 + 2*x**2 + x - 1. Determine k(-1).
-7
Let t(x) = 15*x - 2. Calculate t(6).
88
Let h(g) = -2*g**2 + 92*g + 92. Calculate h(47).
-2
Let y(